{"id":51,"date":"2016-01-28T19:33:08","date_gmt":"2016-01-28T19:33:08","guid":{"rendered":"http:\/\/www.chromaland.net\/?page_id=51"},"modified":"2019-07-15T13:25:08","modified_gmt":"2019-07-15T13:25:08","slug":"verlag","status":"publish","type":"page","link":"https:\/\/www.chromaland.net\/?page_id=51","title":{"rendered":"Verlag"},"content":{"rendered":"<p><strong><em>word in progress<\/em><\/strong><\/p>\n<p>Der CHROMALAND Medienverlag wurde im Januar 2016 mit dem Ziel gegr\u00fcndet, mehrsprachigen Handreichungen\u00a0im Bereich der Fl\u00fcchtlingsarbeit eine formale Vertriebsm\u00f6glichkeit\u00a0zu geben. Nach einer erfolgreichen Kooperation\u00a0mit dem Fremdsprachenverlag PONS und mit Institutionen der freien Wohlfahrt entwickelte sich das Programm aber stetig weiter\u00a0und umfasst heute in erster Linie Publikationen und Medienangebote\u00a0im Bereich der politischen Bildung. Der Verlag ist unabh\u00e4ngig. Er ist Vertragspartner aller f\u00fchrenden Gro\u00dfhandelsunternehmen im Buchhandel und wird als Einzelunternehmen von Nikolaus von Wolff gef\u00fchrt.<\/p>\n","protected":false},"excerpt":{"rendered":"<p>word in progress Der CHROMALAND Medienverlag wurde im Januar 2016 mit dem Ziel gegr\u00fcndet, mehrsprachigen Handreichungen\u00a0im Bereich der Fl\u00fcchtlingsarbeit eine formale Vertriebsm\u00f6glichkeit\u00a0zu geben. Nach einer erfolgreichen Kooperation\u00a0mit dem Fremdsprachenverlag PONS&#8230; <a class=\"read-more-button\" href=\"https:\/\/www.chromaland.net\/?page_id=51\">Mehr Lesen &gt;<\/a><\/p>\n","protected":false},"author":1,"featured_media":0,"parent":0,"menu_order":0,"comment_status":"closed","ping_status":"closed","template":"","meta":[],"_links":{"self":[{"href":"https:\/\/www.chromaland.net\/index.php?rest_route=\/wp\/v2\/pages\/51"}],"collection":[{"href":"https:\/\/www.chromaland.net\/index.php?rest_route=\/wp\/v2\/pages"}],"about":[{"href":"https:\/\/www.chromaland.net\/index.php?rest_route=\/wp\/v2\/types\/page"}],"author":[{"embeddable":true,"href":"https:\/\/www.chromaland.net\/index.php?rest_route=\/wp\/v2\/users\/1"}],"replies":[{"embeddable":true,"href":"https:\/\/www.chromaland.net\/index.php?rest_route=%2Fwp%2Fv2%2Fcomments&post=51"}],"version-history":[{"count":14,"href":"https:\/\/www.chromaland.net\/index.php?rest_route=\/wp\/v2\/pages\/51\/revisions"}],"predecessor-version":[{"id":305,"href":"https:\/\/www.chromaland.net\/index.php?rest_route=\/wp\/v2\/pages\/51\/revisions\/305"}],"wp:attachment":[{"href":"https:\/\/www.chromaland.net\/index.php?rest_route=%2Fwp%2Fv2%2Fmedia&parent=51"}],"curies":[{"name":"wp","href":"https:\/\/api.w.org\/{rel}","templated":true}]}}